 + 8*c**2. What are the prime factors of z(-8)?
59
Suppose z - 42 = 2*i + 3*z, 4*i - 5*z = -120. Let n(w) = -w. Let y(m) = -8*m + 57. Let t(h) = -5*n(h) + y(h). List the prime factors of t(i).
2, 3, 11
Let u(t) = -t**3 + 5*t**2 - 8*t + 7. Let m be u(6). Let v = m - -83. Suppose v*c - 47 = 109. List the prime factors of c.
2, 13
Suppose 18*y - 83 - 61 = 0. List the prime factors of 205 + y/(6 + -2).
3, 23
Suppose -3*r + 9 = -0*r. Suppose 5 + 2 = 3*n + 5*a, 0 = -r*a - 3. Suppose -n*h - 29 + 65 = 0. List the prime factors of h.
3
Let f(o) = 19*o**2 + 10*o + 73. Let s(x) = -13*x**2 - 7*x - 49. Let n(d) = 5*f(d) + 7*s(d). Let k = -2329 + 2324. List the prime factors of n(k).
3, 13
Let p = 10141 - 8401. What are the prime factors of p?
2, 3, 5, 29
Suppose -579323 - 515117 = -40*k. What are the prime factors of k?
27361
Let r = -202 + 210. Suppose r*m = 2647 + 1305. What are the prime factors of m?
2, 13, 19
Suppose 2*m - 12874 = 20046. What are the prime factors of m?
2, 5, 823
What are the prime factors of (-402249)/(-27) + 27/(-243)?
2, 3, 13, 191
Let z = 39 + -34. Suppose z*q - 106 = 39. List the prime factors of q.
29
Suppose 3*g - d + 6*d - 2761 = 0, -4*g + 3692 = 4*d. Let l = g - 334. What are the prime factors of l?
593
Let y(m) = -m**3 + m**2. Let h(i) = i**3 - i**2 - 3*i - 1. Let z(o) = h(o) + 2*y(o). Let c be z(-3). List the prime factors of (c/(-8))/(-11) + 18/4.
5
Let k(m) be the third derivative of -9*m**2 - 1/24*m**4 + 0 + 0*m + 1/10*m**5 + 0*m**3. What are the prime factors of k(-2)?
2, 13
Let u be -6 - (-58)/10 - 16/(-5). Suppose 266 = u*p + 4*n, 7*n = -5*p + 5*n + 434. What are the prime factors of p?
2, 43
Let d(x) = -x**3 + 21*x - 7. Let g be d(-5). Suppose -g*k + 2920 = -4776. List the prime factors of k.
2, 37
Let m(z) be the first derivative of 1/2*z**2 - 17 + 2*z + 91/3*z**3. What are the prime factors of m(-1)?
2, 23
Let c(u) = -189*u + 3295. What are the prime factors of c(17)?
2, 41
Suppose 182*d - 46*d - 495312 = 0. What are the prime factors of d?
2, 3, 607
Let d = -21953 + 38454. List the prime factors of 2/(-9) + d/261.
3, 7
Let g(n) = n**2 - 18*n + 36. Let u be g(17). Suppose -6 = -5*v + u. Suppose -4*l - 25 = -5*h - 330, 385 = v*l - 5*h. What are the prime factors of l?
2, 5
Suppose 0 = 3*g + 3*x - 0*x - 12, 24 = g - 3*x. Suppose -6138 = -0*h - g*h. What are the prime factors of h?
2, 11, 31
Suppose -2*d + 4*q - 3*q + 102364 = 0, 153542 = 3*d - q. What are the prime factors of d?
2, 25589
Let f = 77 - 131. Let k = f - -66. Suppose k*r - 804 = 6*r. What are the prime factors of r?
2, 67
What are the prime factors of (2/10*3)/((-22)/110) + 5017?
2, 23, 109
Suppose q = 5*q - 848. Let v = q + -64. What are the prime factors of v/3 + (-2)/(-3)?
2, 5
Let s(f) = -2*f**3 - 16*f**2 + 12*f + 2. Let o(v) = -v**3 - v**2 - v. Let w(l) = 3*o(l) - s(l). Let g = 465 + -457. List the prime factors of w(g).
2, 3, 11
Suppose 0 = -3*x + 3*w + 12, 0 = 8*x - 12*x - 2*w + 16. Suppose x*a = 20, -4*a + 130 = 5*z - 1885. What are the prime factors of z?
3, 7, 19
Suppose 9*o + 3219 + 1335 = 0. Let i = -316 - o. What are the prime factors of i?
2, 5, 19
Suppose -14*n = -6*n - 608. What are the prime factors of (-38)/n - 431/(-2)?
5, 43
Let y = -21 - -23. Let f be 128/22 + y/11. What are the prime factors of (-1513)/(-34) - f/(-4)?
2, 23
Suppose 2*l - 6*l - d + 27 = 0, l - 3 = -4*d. Suppose -3*n - l*n = 870. Let y = 154 + n. What are the prime factors of y?
67
Suppose 3*r = 2*i - 18, -19 = -i + 2*r + 2*r. Suppose 1005 = i*b - 2*g, 4*b + 50 - 1390 = -g. What are the prime factors of b?
5, 67
Let m(k) = -71*k - 130. Let l be m(-2). Suppose -5*u - 4*z + 7536 = 0, 10*z - l*z = 3*u - 4522. What are the prime factors of u?
2, 13, 29
Let g = -425 + 417. List the prime factors of 983 + 64/g - -8.
983
Let s = -2933 - -24976. What are the prime factors of s?
7, 47, 67
Let p = -4318 - -4334. What are the prime factors of p?
2
List the prime factors of (5/10)/(32/4922752).
2, 38459
Suppose -5*k + 1209 = -3*c, 0 = -4*k - c + 390 + 584. Suppose -230*d - 2041 = -k*d. What are the prime factors of d?
157
Suppose -5*w + 67496 = -3*o, -1 + 9 = o. List the prime factors of w.
2, 211
What are the prime factors of (-13)/(3380/78) + (-89673)/(-10)?
3, 7, 61
Let m be 15*2/8*2*-2. Let c = 20 + m. Suppose -4*h - o + 256 = 4*o, -o + 320 = c*h. List the prime factors of h.
2
Let v = 38 + -39. Let h(s) = -340*s**3 - s**2 - s + 1. List the prime factors of h(v).
11, 31
Suppose -f = -82*f + 1690956. What are the prime factors of f?
2, 17, 307
Let d be -7 - (-1 - (-2 + 0)). Let y(t) = 10*t + 44. Let o be y(d). Let k = o + 43. What are the prime factors of k?
7
Let j be (3 + -4 + 2)/(2/10). Let a be (-2)/j - 2634/(-10). Let z = -125 + a. List the prime factors of z.
2, 3, 23
Let m(f) = 121*f + 18. Let h be m(1). Let v = h - -145. What are the prime factors of v?
2, 71
Let p be -17 + 20 - 3*-2. Let i be 3*(-3)/p + 5. Suppose 0*l + 240 = i*l. What are the prime factors of l?
2, 3, 5
Suppose 4*k - 35749 = -5*t, -9135 = -t - 4*k - 1998. List the prime factors of t.
23, 311
Let k be (13 - 9)*(3 + -4). Let i(f) = -6*f**3 - 2*f**2 + 19*f + 61. List the prime factors of i(k).
337
Suppose -10*b + 71 - 31 = 0. Suppose -b*c - 4*d + 180 = -0*c, 0 = -2*c - 5*d + 105. What are the prime factors of c?
2, 5
Suppose 0 = 4*l - i - 28693, 3*l + i - 4224 - 17294 = 0. What are the prime factors of l?
3, 797
Let j(y) = y**3 + 2*y**2 - 8*y + 6. Let w be j(-4). Suppose u - w*u + 170 = 0. List the prime factors of u.
2, 17
Suppose -4954 = -15*o + 79841. What are the prime factors of o?
5653
Let z be 0 + -2 + 3 + -1 + -1. List the prime factors of 3114/24*z/(-3)*8.
2, 173
Suppose 4*d - 2*d - 342 = 0. Suppose -12*k + d = -1173. What are the prime factors of (44/3)/(-3 - k/(-36))?
2, 3, 11
Let f(v) = v**3 + 4*v**2 + 9*v - 6. Suppose n - 15 = -3*o - 2*o, 2*o - 13 = n. List the prime factors of f(o).
2, 79
Let y(c) = 7*c**2 + 118*c + 411. List the prime factors of y(-46).
3, 5, 653
Let g = -65859 - -100494. List the prime factors of g.
3, 5, 2309
Let q = -33 - -37. Suppose 0 = -5*b + q*b + 679. What are the prime factors of b?
7, 97
Let u = 28052 + -19497. What are the prime factors of u?
5, 29, 59
Let m = 201006 - 135634. What are the prime factors of m?
2, 59, 277
Let r = 22 - 19. Suppose i + i - 1145 = 3*g, -1115 = -2*i - r*g. List the prime factors of i.
5, 113
Suppose -y - 3*v = 33, -4*y - 2*v - 171 + 39 = 0. Let d = 35 + y. Suppose 3*w + 6 = 0, -58 = -5*c - d*w + 3. What are the prime factors of c?
13
Let k be (-5)/30 + 265064/48. Suppose -p = 21*p - k. List the prime factors of p.
251
Let s(j) = -227*j - 5. Let a be s(-7). Suppose -3*w + a = 2*p, -3*p = p + 12. Let i = w - 335. What are the prime factors of i?
3, 5, 13
Let p(x) = 2*x**3 - 8*x**2 + x - 1. Let u be p(4). Suppose 0 = -8*l + 4*l - m + 12, -4*l + 2*m = -12. List the prime factors of u/l + (-1 - -60).
2, 3, 5
Suppose 28 + 10 = -2*f. Let g(s) = -61*s + 7. What are the prime factors of g(f)?
2, 11, 53
Let t = 89 + -81. Suppose -5*w = 2*j - 10, -t = -5*w + 2*j + 2. Suppose -1046 = -4*c + 4*v - 254, v = w*c - 395. List the prime factors of c.
197
Let k(j) = 60*j**2 - 47*j - 590. List the prime factors of k(-11).
7187
Let o be 5*3/((-3)/79). Let m = o - -618. What are the prime factors of m?
223
Let t be ((-6)/(-6))/((-3)/(-12)*-1). Let u(w) = -3*w**3 - 10*w**2 - w - 2. List the prime factors of u(t).
2, 17
Suppose -13*y = 81*y - 23*y - 298342. What are the prime factors of y?
2, 11, 191
Suppose -2*w = -32 + 20, 2*x + w - 20666 = 0. List the prime factors of x.
2, 5, 1033
Let m = 18597 - 10364. List the prime factors of m.
8233
Let q(r) = r + 17 + 5 + 0. Let o be q(3). Suppose o*m = 23*m + 208. What are the prime factors of m?
2, 13
Suppose -a - 3*r + 11257 = 0, -76*a + 22502 = -74*a + 3*r. List the prime factors of a.
5, 13, 173
Let q = 27112 - 13467. List the prime factors of q.
5, 2729
Suppose -254*h + 205104 = -230*h. What are the prime factors of h?
2, 4273
Let b = 2 - -17. Suppose -2*p = b*p - 7896. What are the prime factors of p?
2, 47
Suppose 166*x = -625211 + 5760421. List the prime factors of x.
5, 23, 269
Let r = 58 - -10194. What are the prime factors of r?
2, 11, 233
What are the prime factors of (3 + 534)*26/3 + 8?
2, 3, 7, 